{"id":927,"date":"2022-07-22T09:00:55","date_gmt":"2022-07-22T12:00:55","guid":{"rendered":"https:\/\/6-16streetwear.com.br\/?post_type=product&#038;p=927"},"modified":"2022-07-22T09:15:08","modified_gmt":"2022-07-22T12:15:08","slug":"mouse-gamer-eg-104-rayden-com-fio","status":"publish","type":"product","link":"https:\/\/6-16streetwear.com.br\/?product=mouse-gamer-eg-104-rayden-com-fio","title":{"rendered":"MOUSE GAMER EG-104 RAYDEN COM FIO"},"content":{"rendered":"<h2><strong>PEGADA<\/strong><\/h2>\n<p><strong>Design projetado para oferecer a melhor pegada com conforto, mesmo depois de horas de gamer play, nenhum disparo ser\u00e1 perdido.<\/strong><\/p>\n<p><strong>RESOLU\u00c7\u00c3O<\/strong><\/p>\n<p>3 n\u00edveis de ajuste de resolu\u00e7\u00e3o pr\u00e9 programadas, chegando at\u00e9 2400 DPI.<\/p>\n<p><strong>Descri\u00e7\u00e3o:<\/strong><\/p>\n<p><strong>Sensor:<\/strong> \u00d3ptico2400<\/p>\n<p><strong>Resolu\u00e7\u00e3o:<\/strong> 800 &#8211; 1200 &#8211;<\/p>\n<p><strong>Compatibilidade:<\/strong> Windows 7\/8\/10, Linux e Mac<\/p>\n<p><strong>Ilumina\u00e7\u00e3o:<\/strong> Led Color com efeitos<\/p>\n<p>&nbsp;<\/p>\n<h3><strong>Informa\u00e7\u00f5es adicionais<\/strong><\/h3>\n<p><strong>Cabo<\/strong><\/p>\n<p><strong>Comprimento:<\/strong> 1,6 metros<\/p>\n<p><strong>Material:<\/strong> Emborrachado<\/p>\n<p><strong>Conex\u00e3o:<\/strong> USB<\/p>\n<p>&nbsp;<\/p>\n<p>&nbsp;<\/p>\n","protected":false},"excerpt":{"rendered":"<p>EFEITOS INCR\u00cdVEIS PARA O SEU PC<\/p>\n<p>O Rayden possui ilumina\u00e7\u00e3o led com cores vibrantes que se alternam em um efeito fant\u00e1stico!<\/p>\n","protected":false},"featured_media":928,"template":"","meta":{"_joinchat":[]},"product_brand":[],"product_cat":[58,61],"product_tag":[79,63,65,78,80],"class_list":{"0":"post-927","1":"product","2":"type-product","3":"status-publish","6":"product_cat-gamer","7":"product_cat-perifericos","8":"product_tag-eg-104","9":"product_tag-gamer","10":"product_tag-jogo","11":"product_tag-mouse","12":"product_tag-rayden","14":"first","15":"instock","16":"taxable","17":"shipping-taxable","18":"purchasable","19":"product-type-simple"},"_links":{"self":[{"href":"https:\/\/6-16streetwear.com.br\/index.php?rest_route=\/wp\/v2\/product\/927","targetHints":{"allow":["GET"]}}],"collection":[{"href":"https:\/\/6-16streetwear.com.br\/index.php?rest_route=\/wp\/v2\/product"}],"about":[{"href":"https:\/\/6-16streetwear.com.br\/index.php?rest_route=\/wp\/v2\/types\/product"}],"wp:featuredmedia":[{"embeddable":true,"href":"https:\/\/6-16streetwear.com.br\/index.php?rest_route=\/wp\/v2\/media\/928"}],"wp:attachment":[{"href":"https:\/\/6-16streetwear.com.br\/index.php?rest_route=%2Fwp%2Fv2%2Fmedia&parent=927"}],"wp:term":[{"taxonomy":"product_brand","embeddable":true,"href":"https:\/\/6-16streetwear.com.br\/index.php?rest_route=%2Fwp%2Fv2%2Fproduct_brand&post=927"},{"taxonomy":"product_cat","embeddable":true,"href":"https:\/\/6-16streetwear.com.br\/index.php?rest_route=%2Fwp%2Fv2%2Fproduct_cat&post=927"},{"taxonomy":"product_tag","embeddable":true,"href":"https:\/\/6-16streetwear.com.br\/index.php?rest_route=%2Fwp%2Fv2%2Fproduct_tag&post=927"}],"curies":[{"name":"wp","href":"https:\/\/api.w.org\/{rel}","templated":true}]}}