{"id":854,"date":"2022-07-21T09:24:58","date_gmt":"2022-07-21T12:24:58","guid":{"rendered":"https:\/\/6-16streetwear.com.br\/?post_type=product&#038;p=854"},"modified":"2022-07-21T10:18:08","modified_gmt":"2022-07-21T13:18:08","slug":"copo-termico-cinturado-700ml-branco","status":"publish","type":"product","link":"https:\/\/6-16streetwear.com.br\/?product=copo-termico-cinturado-700ml-branco","title":{"rendered":"Copo T\u00e9rmico Cinturado 700ml Branco (sem o logo evolut)"},"content":{"rendered":"<p>Copo em a\u00e7o inox trazendo muito estilo, praticidade e durabilidade ao dia a dia.<\/p>\n<p>&nbsp;<\/p>\n","protected":false},"excerpt":{"rendered":"<p>QUENTE O FRIO?<\/p>\n<p>O copo t\u00e9rmico, \u00e9 capaz de conservar sua bebida quente. Mas se preferir ela gelada, conte com a conserva\u00e7\u00e3o ou ainda se for com gelo use e abuse de muito frescor ao seu dispor.<\/p>\n","protected":false},"featured_media":859,"template":"","meta":{"_joinchat":[]},"product_brand":[],"product_cat":[58],"product_tag":[59,60],"class_list":{"0":"post-854","1":"product","2":"type-product","3":"status-publish","6":"product_cat-gamer","7":"product_tag-copo","8":"product_tag-termico-gamer","10":"first","11":"instock","12":"purchasable","13":"product-type-simple"},"_links":{"self":[{"href":"https:\/\/6-16streetwear.com.br\/index.php?rest_route=\/wp\/v2\/product\/854","targetHints":{"allow":["GET"]}}],"collection":[{"href":"https:\/\/6-16streetwear.com.br\/index.php?rest_route=\/wp\/v2\/product"}],"about":[{"href":"https:\/\/6-16streetwear.com.br\/index.php?rest_route=\/wp\/v2\/types\/product"}],"wp:featuredmedia":[{"embeddable":true,"href":"https:\/\/6-16streetwear.com.br\/index.php?rest_route=\/wp\/v2\/media\/859"}],"wp:attachment":[{"href":"https:\/\/6-16streetwear.com.br\/index.php?rest_route=%2Fwp%2Fv2%2Fmedia&parent=854"}],"wp:term":[{"taxonomy":"product_brand","embeddable":true,"href":"https:\/\/6-16streetwear.com.br\/index.php?rest_route=%2Fwp%2Fv2%2Fproduct_brand&post=854"},{"taxonomy":"product_cat","embeddable":true,"href":"https:\/\/6-16streetwear.com.br\/index.php?rest_route=%2Fwp%2Fv2%2Fproduct_cat&post=854"},{"taxonomy":"product_tag","embeddable":true,"href":"https:\/\/6-16streetwear.com.br\/index.php?rest_route=%2Fwp%2Fv2%2Fproduct_tag&post=854"}],"curies":[{"name":"wp","href":"https:\/\/api.w.org\/{rel}","templated":true}]}}